3747 is divided by 7027893.
68
Calculate the remainder when 106327 is divided by 69.
67
Calculate the remainder when 105703 is divided by 3527.
3420
What is the remainder when 121335 is divided by 15019?
1183
What is the remainder when 104233 is divided by 104174?
59
What is the remainder when 128671 is divided by 9189?
25
What is the remainder when 127634576 is divided by 15?
11
Calculate the remainder when 19187032 is divided by 11671.
11579
Calculate the remainder when 3953621 is divided by 64813.
28
Calculate the remainder when 170465 is divided by 1375.
1340
What is the remainder when 3132318 is divided by 388?
382
What is the remainder when 34099834 is divided by 447?
439
Calculate the remainder when 229322 is divided by 97.
14
What is the remainder when 5548 is divided by 855?
418
Calculate the remainder when 11242475 is divided by 119.
69
What is the remainder when 3266217 is divided by 30?
27
Calculate the remainder when 4796686 is divided by 4850.
36
Calculate the remainder when 922894 is divided by 461198.
498
What is the remainder when 1761160 is divided by 50314?
170
What is the remainder when 4241076 is divided by 993?
966
What is the remainder when 532004 is divided by 531806?
198
Calculate the remainder when 85816 is divided by 28518.
262
What is the remainder when 76848728 is divided by 7?
5
Calculate the remainder when 5806778 is divided by 118.
116
What is the remainder when 441443 is divided by 37?
33
Calculate the remainder when 2165469 is divided by 250.
219
Calculate the remainder when 27757545 is divided by 444.
441
What is the remainder when 20574898 is divided by 11?
3
What is the remainder when 26478623 is divided by 8826185?
68
What is the remainder when 804123759 is divided by 880?
879
What is the remainder when 40916 is divided by 469?
113
Calculate the remainder when 224679740 is divided by 2592.
2588
Calculate the remainder when 72754 is divided by 3481.
3134
Calculate the remainder when 283066 is divided by 22765.
9886
What is the remainder when 174914 is divided by 43672?
226
What is the remainder when 112013 is divided by 22259?
718
What is the remainder when 1995194 is divided by 80?
74
What is the remainder when 13410340 is divided by 191576?
20
What is the remainder when 49408834 is divided by 1829956?
22
What is the remainder when 2077597 is divided by 2002?
1523
What is the remainder when 1333242 is divided by 1333212?
30
Calculate the remainder when 5833123 is divided by 1051.
73
Calculate the remainder when 188540 is divided by 1178.
60
Calculate the remainder when 9332349 is divided by 1036915.
114
What is the remainder when 14963362 is divided by 413?
372
Calculate the remainder when 70426673 is divided by 40.
33
Calculate the remainder when 22398879 is divided by 29945.
19
What is the remainder when 2136247 is divided by 1696?
983
Calculate the remainder when 154957 is divided by 1406.
297
What is the remainder when 599020 is divided by 2952?
2716
Calculate the remainder when 20500644 is divided by 336076.
8
Calculate the remainder when 81304 is divided by 81131.
173
What is the remainder when 525471 is divided by 7?
2
Calculate the remainder when 10980388 is divided by 14.
6
What is the remainder when 1744962 is divided by 996?
966
Calculate the remainder when 1730507 is divided by 115365.
32
Calculate the remainder when 929810 is divided by 1142.
222
What is the remainder when 447568 is divided by 82?
12
Calculate the remainder when 12499901 is divided by 109.
108
Calculate the remainder when 919472 is divided by 3606.
3548
What is the remainder when 10605 is divided by 4222?
2161
Calculate the remainder when 390267 is divided by 44.
31
Calculate the remainder when 931362 is divided by 62.
60
What is the remainder when 126983114 is divided by 13?
11
Calculate the remainder when 5982821 is divided by 319.
295
What is the remainder when 118500 is divided by 23327?
1865
What is the remainder when 26202773 is divided by 212?
209
Calculate the remainder when 512602 is divided by 512582.
20
What is the remainder when 4031 is divided by 1201?
428
Calculate the remainder when 2166133 is divided by 2166117.
16
Calculate the remainder when 117516293 is divided by 18.
17
What is the remainder when 4553735 is divided by 45086?
49
Calculate the remainder when 5655 is divided by 676.
247
Calculate the remainder when 330339 is divided by 23.
13
Calculate the remainder when 729213 is divided by 4735.
23
Calculate the remainder when 1338971 is divided by 46171.
12
What is the remainder when 343301 is divided by 9793?
546
Calculate the remainder when 2462058 is divided by 278.
90
What is the remainder when 63873666 is divided by 72832?
2
What is the remainder when 453360 is divided by 204?
72
What is the remainder when 517269 is divided by 104?
77
Calculate the remainder when 9745794 is divided by 300.
294
What is the remainder when 781600 is divided by 195400?
0
What is the remainder when 236880 is divided by 11280?
0
Calculate the remainder when 1641041 is divided by 2749.
2637
Calculate the remainder when 246563 is divided by 6.
5
What is the remainder when 315243 is divided by 3122?
3043
Calculate the remainder when 2347860 is divided by 782616.
12
Calculate the remainder when 916545 is divided by 916254.
291
What is the remainder when 102918 is divided by 7822?
1232
What is the remainder when 2524386 is divided by 11851?
123
Calculate the remainder when 45321 is divided by 1970.
11
What is the remainder when 2018759 is divided by 278?
201
What is the remainder when 76603650 is divided by 152?
58
Calculate the remainder when 18604322 is divided by 310072.
2
Calculate the remainder when 23679010 is divided by 63.
19
Calculate the remainder when 841759 is divided by 40079.
100
What is the remainder when 27613739 is divided by 12?
11
Calculate the remainder when 32271 is divided by 1568.
911
Calculate the remainder when 81628 is divided by 5945.
4343
Calculate the remainder when 2110399 is divided by 434.
291
Calculate the remainder when 25281517 is divided by 880.
877
Calculate the remainder when 278416 is divided by 13870.
1016
Calculate the remainder when 95986 is divided by 1044.
982
What is the remainder when 20711845 is divided by 68?
65
Calculate the remainder when 428129 is divided by 5158.
15
What is the remainder when 13727361 is divided by 8?
1
What is the remainder when 47462071 is divided by 1898482?
21
Calculate the remainder when 15558983 is divided by 845.
843
What is the remainder when 2004992 is divided by 501173?
300
Calculate the remainder when 274900 is divided by 239.
50
Calculate the remainder when 2610436 is divided by 51184.
52
Calculate the remainder when 1381032398 is divided by 850.
848
Calculate the remainder when 67645667 is divided by 1691141.
27
What is the remainder when 2972477 is divided by 212317?
39
What is the remainder when 34541296 is divided by 8435?
8406
Calculate the remainder when 35381 is divided by 2452.
1053
Calculate the remainder when 95556 is divided by 1665.
651
Calculate the remainder when 215510 is divided by 13382.
1398
What is the remainder when 97521861 is divided by 5133?
5127
Calculate the remainder when 37015145 is divided by 21.
20
What is the remainder when 431382 is divided by 13905?
327
Calculate the remainder when 34101017 is divided by 3369.
3368
What is the remainder when 463105 is divided by 11023?
139
Calculate the remainder when 7381070 is divided by 1747.
1742
What is the remainder when 12721664 is divided by 438678?
2
Calculate the remainder when 71428 is divided by 71422.
6
What is the remainder when 97120088 is divided by 1703861?
11
What is the remainder when 3273930 is divided by 1072?
42
Calculate the remainder when 13460 is divided by 221.
200
Calculate the remainder when 1093314 is divided by 1093311.
3
Calculate the remainder when 123317 is divided by 4128.
3605
What is the remainder when 1122792 is divided by 112277?
22
What is the remainder when 66424 is divided by 8295?
64
Calculate the remainder when 872993 is divided by 872528.
465
Calculate the remainder when 983432 is divided by 272.
152
What is the remainder when 23954772 is divided by 386?
384
Calculate the remainder when 69919 is divided by 3960.
2599
What is the remainde